{"id":18,"date":"2025-08-13T03:26:39","date_gmt":"2025-08-13T03:26:39","guid":{"rendered":"http:\/\/www.karlitepe.com\/?page_id=18"},"modified":"2025-08-13T03:40:37","modified_gmt":"2025-08-13T03:40:37","slug":"faaliyet-alanlari","status":"publish","type":"page","link":"http:\/\/www.karlitepe.com\/index.php\/faaliyet-alanlari\/","title":{"rendered":"Faaliyet Alanlar\u0131"},"content":{"rendered":"\n<pre class=\"wp-block-preformatted\">MED\u0130KAL H\u0130ZMETLER\u0130<\/pre>\n\n\n\n<figure class=\"wp-block-image is-resized has-custom-border\"><img decoding=\"async\" src=\"https:\/\/www.bilen-tr.com\/wp-content\/uploads\/2025\/01\/YDA-Medikal-1024x509.jpg\" alt=\"\" class=\"wp-image-610\" style=\"border-radius:30px;object-fit:cover;width:800px;height:200px\"\/><\/figure>\n\n\n\n<pre class=\"wp-block-preformatted\">\u0130N\u015eAAT H\u0130ZMETLER\u0130<\/pre>\n\n\n\n<figure class=\"wp-block-image is-resized has-custom-border\"><img decoding=\"async\" src=\"https:\/\/www.bilen-tr.com\/wp-content\/uploads\/2025\/01\/insaat-hizmetleri-1.jpg\" alt=\"\" class=\"wp-image-632\" style=\"border-radius:30px;object-fit:cover;width:800px;height:200px\"\/><\/figure>\n\n\n\n<pre class=\"wp-block-preformatted\">GIDA H\u0130ZMETLER\u0130<\/pre>\n\n\n\n<figure class=\"wp-block-image is-resized has-custom-border\"><img decoding=\"async\" src=\"https:\/\/www.bilen-tr.com\/wp-content\/uploads\/2025\/01\/tehlikeli-ve-cok-tehlikeli-islerde-gida-sanayi-alani-2-1024x328.jpg\" alt=\"\" class=\"wp-image-608\" style=\"border-radius:30px;object-fit:cover;width:800px;height:200px\"\/><\/figure>\n\n\n\n<pre class=\"wp-block-preformatted\">MADENC\u0130L\u0130K H\u0130ZMETLER\u0130<\/pre>\n\n\n\n<figure class=\"wp-block-image is-resized has-custom-border\"><img decoding=\"async\" src=\"https:\/\/www.bilen-tr.com\/wp-content\/uploads\/2025\/01\/9T2kbNI59W_s42_Bjf-1024x401.jpg\" alt=\"\" class=\"wp-image-611\" style=\"border-radius:30px;object-fit:cover;width:800px;height:200px\"\/><\/figure>\n\n\n\n<pre class=\"wp-block-preformatted\">G\u00dcMR\u00dcKLEME VE ANTREPOCULUK<\/pre>\n\n\n\n<figure class=\"wp-block-image is-resized has-custom-border\"><img decoding=\"async\" src=\"https:\/\/www.bilen-tr.com\/wp-content\/uploads\/2025\/01\/antrepo-nedir.jpg\" alt=\"\" class=\"wp-image-629\" style=\"border-radius:30px;object-fit:cover;width:800px;height:200px\"\/><\/figure>\n\n\n\n<pre class=\"wp-block-preformatted\">OTOMOT\u0130V<\/pre>\n\n\n\n<figure class=\"wp-block-image is-resized has-custom-border\"><img decoding=\"async\" src=\"https:\/\/www.bilen-tr.com\/wp-content\/uploads\/2025\/01\/orj_2.jpeg\" alt=\"\" class=\"wp-image-612\" style=\"border-radius:30px;object-fit:cover;width:800px;height:200px\"\/><\/figure>\n\n\n\n<pre class=\"wp-block-preformatted\">TEKST\u0130L<\/pre>\n\n\n\n<figure class=\"wp-block-image is-resized has-custom-border\"><img decoding=\"async\" src=\"https:\/\/www.bilen-tr.com\/wp-content\/uploads\/2025\/01\/9_1-1024x674.jpg\" alt=\"\" class=\"wp-image-613\" style=\"border-radius:30px;object-fit:cover;width:800px;height:200px\"\/><\/figure>\n\n\n\n<pre class=\"wp-block-preformatted\">LOJ\u0130ST\u0130K H\u0130ZMETLER\u0130<\/pre>\n\n\n\n<figure class=\"wp-block-image is-resized has-custom-border\"><img decoding=\"async\" src=\"https:\/\/www.bilen-tr.com\/wp-content\/uploads\/2025\/01\/ithalat-nedir-ve-ulke-ekonomisine-etkileri-nelerdir-1703249987-3.jpg\" alt=\"\" class=\"wp-image-614\" style=\"border-radius:30px;object-fit:cover;width:800px;height:200px\"\/><\/figure>\n\n\n\n<pre class=\"wp-block-preformatted\">B\u00dcRO MAK\u0130NELER\u0130 VE KIRTAS\u0130YE<\/pre>\n\n\n\n<figure class=\"wp-block-image is-resized has-custom-border\"><img decoding=\"async\" src=\"https:\/\/www.bilen-tr.com\/wp-content\/uploads\/2025\/01\/kirtasiye-3.jpg\" alt=\"\" class=\"wp-image-617\" style=\"border-radius:30px;object-fit:cover;width:800px;height:200px\"\/><\/figure>\n\n\n\n<pre class=\"wp-block-preformatted\">PETROL - AKARYAKIT H\u0130ZMETLER\u0130<\/pre>\n\n\n\n<figure class=\"wp-block-image is-resized has-custom-border\"><img decoding=\"async\" src=\"https:\/\/www.bilen-tr.com\/wp-content\/uploads\/2025\/01\/tasit-tanima-sistemi-1024x640.jpg\" alt=\"\" class=\"wp-image-620\" style=\"border-radius:30px;object-fit:cover;width:800px;height:200px\"\/><\/figure>\n\n\n\n<pre class=\"wp-block-preformatted\">DAYANIKLI T\u00dcKET\u0130M H\u0130ZMETLER\u0130<\/pre>\n\n\n\n<figure class=\"wp-block-image is-resized has-custom-border\"><img decoding=\"async\" src=\"https:\/\/www.bilen-tr.com\/wp-content\/uploads\/2025\/01\/dayanikli_tuketim.jpg\" alt=\"\" class=\"wp-image-621\" style=\"border-radius:30px;object-fit:cover;width:800px;height:200px\"\/><\/figure>\n\n\n\n<pre class=\"wp-block-preformatted\">KUYUMCULUK H\u0130ZMETLER\u0130<\/pre>\n\n\n\n<figure class=\"wp-block-image is-resized has-custom-border\"><img decoding=\"async\" src=\"https:\/\/www.bilen-tr.com\/wp-content\/uploads\/2025\/01\/kuyumcu.jpg\" alt=\"\" class=\"wp-image-622\" style=\"border-radius:30px;object-fit:cover;width:800px;height:200px\"\/><\/figure>\n\n\n\n<pre class=\"wp-block-preformatted\">ENERJ\u0130 T\u00dcKET\u0130M H\u0130ZMETLER\u0130<\/pre>\n\n\n\n<figure class=\"wp-block-image is-resized has-custom-border\"><img decoding=\"async\" src=\"https:\/\/www.bilen-tr.com\/wp-content\/uploads\/2025\/01\/clean-energy_-scaled-1-1024x572.jpg\" alt=\"\" class=\"wp-image-623\" style=\"border-radius:30px;object-fit:cover;width:800px;height:200px\"\/><\/figure>\n\n\n\n<pre class=\"wp-block-preformatted\">YEDEK PAR\u00c7A VE ELEKTR\u0130K MALZEMELER\u0130 H\u0130ZMETLER\u0130<\/pre>\n\n\n\n<figure class=\"wp-block-image is-resized has-custom-border\"><img decoding=\"async\" src=\"https:\/\/www.bilen-tr.com\/wp-content\/uploads\/2025\/01\/2_3.jpeg\" alt=\"\" class=\"wp-image-624\" style=\"border-radius:30px;object-fit:cover;width:800px;height:200px\"\/><\/figure>\n\n\n\n<pre class=\"wp-block-preformatted\">END\u00dcSTR\u0130YEL MAK\u0130NE H\u0130ZMETLER\u0130<\/pre>\n\n\n\n<figure class=\"wp-block-image is-resized has-custom-border\"><img decoding=\"async\" src=\"https:\/\/www.bilen-tr.com\/wp-content\/uploads\/2025\/01\/endustriyel-1024x680.jpg\" alt=\"\" class=\"wp-image-625\" style=\"border-radius:30px;object-fit:cover;width:800px;height:200px\"\/><\/figure>\n\n\n\n<pre class=\"wp-block-preformatted\">MAK\u0130NE VE AH\u015eAP E\u015eYA H\u0130ZMETLER\u0130<\/pre>\n\n\n\n<figure class=\"wp-block-image is-resized has-custom-border\"><img decoding=\"async\" src=\"https:\/\/www.bilen-tr.com\/wp-content\/uploads\/2025\/01\/saricam-tomruk.jpg\" alt=\"\" class=\"wp-image-626\" style=\"border-radius:30px;object-fit:cover;width:800px;height:200px\"\/><\/figure>\n\n\n\n<pre class=\"wp-block-preformatted\">TARIM H\u0130ZMETLER\u0130<\/pre>\n\n\n\n<figure class=\"wp-block-image is-resized has-custom-border\"><img decoding=\"async\" src=\"https:\/\/www.bilen-tr.com\/wp-content\/uploads\/2025\/01\/shutterstock_1151815364.jpg\" alt=\"\" class=\"wp-image-627\" style=\"border-radius:30px;object-fit:cover;width:800px;height:200px\"\/><\/figure>\n\n\n\n<pre class=\"wp-block-preformatted\">S\u00dcT \u00dcR\u00dcNLER\u0130 H\u0130ZMETLER\u0130<\/pre>\n\n\n\n<figure class=\"wp-block-image is-resized has-custom-border\"><img decoding=\"async\" src=\"https:\/\/www.bilen-tr.com\/wp-content\/uploads\/2025\/01\/JHYXZNCw-1024x427.jpg\" alt=\"\" class=\"wp-image-628\" style=\"border-radius:30px;object-fit:cover;width:800px;height:200px\"\/><\/figure>\n","protected":false},"excerpt":{"rendered":"<p>MED\u0130KAL H\u0130ZMETLER\u0130 \u0130N\u015eAAT H\u0130ZMETLER\u0130 GIDA H\u0130ZMETLER\u0130 MADENC\u0130L\u0130K H\u0130ZMETLER\u0130 G\u00dcMR\u00dcKLEME VE ANTREPOCULUK OTOMOT\u0130V TEKST\u0130L LOJ\u0130ST\u0130K H\u0130ZMETLER\u0130 B\u00dcRO MAK\u0130NELER\u0130 VE KIRTAS\u0130YE PETROL &#8211; AKARYAKIT H\u0130ZMETLER\u0130 DAYANIKLI T\u00dcKET\u0130M H\u0130ZMETLER\u0130 KUYUMCULUK H\u0130ZMETLER\u0130 ENERJ\u0130 T\u00dcKET\u0130M H\u0130ZMETLER\u0130 YEDEK PAR\u00c7A VE ELEKTR\u0130K MALZEMELER\u0130 H\u0130ZMETLER\u0130 END\u00dcSTR\u0130YEL MAK\u0130NE H\u0130ZMETLER\u0130 MAK\u0130NE VE AH\u015eAP E\u015eYA H\u0130ZMETLER\u0130 TARIM H\u0130ZMETLER\u0130 S\u00dcT \u00dcR\u00dcNLER\u0130 H\u0130ZMETLER\u0130<\/p>\n","protected":false},"author":1,"featured_media":0,"parent":0,"menu_order":0,"comment_status":"closed","ping_status":"closed","template":"","meta":{"footnotes":""},"class_list":["post-18","page","type-page","status-publish","hentry"],"_links":{"self":[{"href":"http:\/\/www.karlitepe.com\/index.php\/wp-json\/wp\/v2\/pages\/18","targetHints":{"allow":["GET"]}}],"collection":[{"href":"http:\/\/www.karlitepe.com\/index.php\/wp-json\/wp\/v2\/pages"}],"about":[{"href":"http:\/\/www.karlitepe.com\/index.php\/wp-json\/wp\/v2\/types\/page"}],"author":[{"embeddable":true,"href":"http:\/\/www.karlitepe.com\/index.php\/wp-json\/wp\/v2\/users\/1"}],"replies":[{"embeddable":true,"href":"http:\/\/www.karlitepe.com\/index.php\/wp-json\/wp\/v2\/comments?post=18"}],"version-history":[{"count":3,"href":"http:\/\/www.karlitepe.com\/index.php\/wp-json\/wp\/v2\/pages\/18\/revisions"}],"predecessor-version":[{"id":40,"href":"http:\/\/www.karlitepe.com\/index.php\/wp-json\/wp\/v2\/pages\/18\/revisions\/40"}],"wp:attachment":[{"href":"http:\/\/www.karlitepe.com\/index.php\/wp-json\/wp\/v2\/media?parent=18"}],"curies":[{"name":"wp","href":"https:\/\/api.w.org\/{rel}","templated":true}]}}