{"id":20,"date":"2025-08-13T03:26:48","date_gmt":"2025-08-13T03:26:48","guid":{"rendered":"http:\/\/www.karlitepe.com\/?page_id=20"},"modified":"2025-08-13T03:37:51","modified_gmt":"2025-08-13T03:37:51","slug":"iletisim","status":"publish","type":"page","link":"http:\/\/www.karlitepe.com\/index.php\/iletisim\/","title":{"rendered":"\u0130leti\u015fim"},"content":{"rendered":"\n<p>MAHMUTBEY MAH. TA\u015eOCA\u011eI YOLU CAD. BALANCE<br>G\u00dcNE\u015eL\u0130 NO: 19 \/4A BA\u011eCILAR\/ \u0130STANBUL<\/p>\n\n\n\n<p>info@karlitepe.com<\/p>\n\n\n\n<p><\/p>\n\n\n\n<center><iframe src=\"https:\/\/www.google.com\/maps\/embed?pb=!1m18!1m12!1m3!1d8510.536465442881!2d28.813967036848695!3d41.048681211056895!2m3!1f0!2f0!3f0!3m2!1i1024!2i768!4f13.1!3m3!1m2!1s0x14caa5289dfaf86f%3A0xf042623232201081!2sWorkinton%20G%C3%BCne%C5%9Fli%20Balance!5e0!3m2!1str!2str!4v1755056241793!5m2!1str!2str\" width=\"600\" height=\"450\" style=\"border:0;\" allowfullscreen=\"\" loading=\"lazy\" referrerpolicy=\"no-referrer-when-downgrade\"><\/iframe><\/center>\n","protected":false},"excerpt":{"rendered":"<p>MAHMUTBEY MAH. TA\u015eOCA\u011eI YOLU CAD. BALANCEG\u00dcNE\u015eL\u0130 NO: 19 \/4A BA\u011eCILAR\/ \u0130STANBUL info@karlitepe.com<\/p>\n","protected":false},"author":1,"featured_media":0,"parent":0,"menu_order":0,"comment_status":"closed","ping_status":"closed","template":"","meta":{"footnotes":""},"class_list":["post-20","page","type-page","status-publish","hentry"],"_links":{"self":[{"href":"http:\/\/www.karlitepe.com\/index.php\/wp-json\/wp\/v2\/pages\/20","targetHints":{"allow":["GET"]}}],"collection":[{"href":"http:\/\/www.karlitepe.com\/index.php\/wp-json\/wp\/v2\/pages"}],"about":[{"href":"http:\/\/www.karlitepe.com\/index.php\/wp-json\/wp\/v2\/types\/page"}],"author":[{"embeddable":true,"href":"http:\/\/www.karlitepe.com\/index.php\/wp-json\/wp\/v2\/users\/1"}],"replies":[{"embeddable":true,"href":"http:\/\/www.karlitepe.com\/index.php\/wp-json\/wp\/v2\/comments?post=20"}],"version-history":[{"count":2,"href":"http:\/\/www.karlitepe.com\/index.php\/wp-json\/wp\/v2\/pages\/20\/revisions"}],"predecessor-version":[{"id":35,"href":"http:\/\/www.karlitepe.com\/index.php\/wp-json\/wp\/v2\/pages\/20\/revisions\/35"}],"wp:attachment":[{"href":"http:\/\/www.karlitepe.com\/index.php\/wp-json\/wp\/v2\/media?parent=20"}],"curies":[{"name":"wp","href":"https:\/\/api.w.org\/{rel}","templated":true}]}}